{"id":64,"date":"2017-06-07T06:32:24","date_gmt":"2017-06-07T06:32:24","guid":{"rendered":"http:\/\/wordpresstheme.net\/dump\/?page_id=64"},"modified":"2020-09-05T21:04:18","modified_gmt":"2020-09-06T02:04:18","slug":"practice-areas","status":"publish","type":"page","link":"https:\/\/iustumsas.com\/index.php\/practice-areas\/","title":{"rendered":"\u00c1reas de Pr\u00e1ctica"},"content":{"rendered":"<p>[vc_row full_width=\u00bbstretch_row\u00bb css=\u00bb.vc_custom_1513078972248{margin-top: 0px !important;margin-bottom: 0px !important;padding-top: 60px !important;padding-bottom: 40px !important;background-color: #ffffff !important;}\u00bb][vc_column css=\u00bb.vc_custom_1496743058962{padding-top: 0px !important;padding-bottom: 0px !important;}\u00bb][vc_row_inner css=\u00bb.vc_custom_1510747977487{margin-top: 0px !important;margin-bottom: 0px !important;}\u00bb][vc_column_inner width=\u00bb1\/4&#8243;][vc_widget_sidebar sidebar_id=\u00bbpractice-areas-sidebar\u00bb][\/vc_column_inner][vc_column_inner width=\u00bb3\/4&#8243;]<!-- areas-of-practise -->\r\n                        <div class=\"row areas-of-practise main-concept-two \"><div class=\"col-lg-6 col-md-6 col-sm-6 col-sm-12\">\r\n                               <!-- areas-of-practise-item -->\r\n                               <div class=\"areas-of-practise-item matchHeight\">\r\n                               <div class=\"holder\">\r\n                               <div class=\"row\">\r\n                               <div class=\"col-lg-6 col-md-6 col-sm-6 col-xs-12\">\r\n                               <div class=\"pic\"><img loading=\"lazy\" decoding=\"async\" width=\"1920\" height=\"1280\" src=\"https:\/\/iustumsas.com\/wp-content\/uploads\/2020\/09\/derecho-civil.jpg\" class=\"attachment-attorneypress-advisors-areas size-attorneypress-advisors-areas wp-post-image\" alt=\"\" srcset=\"https:\/\/iustumsas.com\/wp-content\/uploads\/2020\/09\/derecho-civil.jpg 1920w, https:\/\/iustumsas.com\/wp-content\/uploads\/2020\/09\/derecho-civil-300x200.jpg 300w, https:\/\/iustumsas.com\/wp-content\/uploads\/2020\/09\/derecho-civil-1024x683.jpg 1024w, https:\/\/iustumsas.com\/wp-content\/uploads\/2020\/09\/derecho-civil-768x512.jpg 768w, https:\/\/iustumsas.com\/wp-content\/uploads\/2020\/09\/derecho-civil-1536x1024.jpg 1536w\" sizes=\"(max-width: 1920px) 100vw, 1920px\" data-id=\"11211\" \/><\/div>\r\n                                <\/div>\r\n                                <div class=\"col-lg-6 col-md-6 col-sm-6 col-xs-12\">\r\n                                <div class=\"data\"><h4><a href=\"https:\/\/iustumsas.com\/index.php\/practice-areas\/derecho-civil\/\">Derecho Civil<\/a><\/h4><p>La columna vertebral sobre la que se fund\u00f3 nuestro ordenamiento jur\u00eddico y de donde dependen difer<\/p><a class=\"btn\"  href=\"https:\/\/iustumsas.com\/index.php\/practice-areas\/derecho-civil\/\">Read More<i class=\"fa fa-angle-right\"><\/i><\/a><\/div>\r\n\t\t\t\t\t\t\t\t\t<\/div>\r\n\t\t\t\t\t\t\t\t\t<\/div>\r\n\t\t\t\t\t\t\t\t\t<\/div>\r\n\t\t\t\t\t\t\t\t\t<\/div>\r\n\t\t\t\t\t\t\t\t\t<!-- areas-of-practise-item -->\r\n\t\t\t\t\t\t\t\t\t<\/div><div class=\"col-lg-6 col-md-6 col-sm-6 col-sm-12\">\r\n                               <!-- areas-of-practise-item -->\r\n                               <div class=\"areas-of-practise-item matchHeight\">\r\n                               <div class=\"holder\">\r\n                               <div class=\"row\">\r\n                               <div class=\"col-lg-6 col-md-6 col-sm-6 col-xs-12\">\r\n                               <div class=\"pic\"><img loading=\"lazy\" decoding=\"async\" width=\"1920\" height=\"1280\" src=\"https:\/\/iustumsas.com\/wp-content\/uploads\/2020\/09\/derecho-comercial.jpg\" class=\"attachment-attorneypress-advisors-areas size-attorneypress-advisors-areas wp-post-image\" alt=\"\" srcset=\"https:\/\/iustumsas.com\/wp-content\/uploads\/2020\/09\/derecho-comercial.jpg 1920w, https:\/\/iustumsas.com\/wp-content\/uploads\/2020\/09\/derecho-comercial-300x200.jpg 300w, https:\/\/iustumsas.com\/wp-content\/uploads\/2020\/09\/derecho-comercial-1024x683.jpg 1024w, https:\/\/iustumsas.com\/wp-content\/uploads\/2020\/09\/derecho-comercial-768x512.jpg 768w, https:\/\/iustumsas.com\/wp-content\/uploads\/2020\/09\/derecho-comercial-1536x1024.jpg 1536w\" sizes=\"(max-width: 1920px) 100vw, 1920px\" data-id=\"11213\" \/><\/div>\r\n                                <\/div>\r\n                                <div class=\"col-lg-6 col-md-6 col-sm-6 col-xs-12\">\r\n                                <div class=\"data\"><h4><a href=\"https:\/\/iustumsas.com\/index.php\/practice-areas\/derecho-comercial-y-empresarial\/\">Derecho Comercial y Empresarial<\/a><\/h4><p>Brindamos con efectividad asesor\u00eda y representaci\u00f3n judicial para su empresa, ofreciendo entre otr<\/p><a class=\"btn\"  href=\"https:\/\/iustumsas.com\/index.php\/practice-areas\/derecho-comercial-y-empresarial\/\">Read More<i class=\"fa fa-angle-right\"><\/i><\/a><\/div>\r\n\t\t\t\t\t\t\t\t\t<\/div>\r\n\t\t\t\t\t\t\t\t\t<\/div>\r\n\t\t\t\t\t\t\t\t\t<\/div>\r\n\t\t\t\t\t\t\t\t\t<\/div>\r\n\t\t\t\t\t\t\t\t\t<!-- areas-of-practise-item -->\r\n\t\t\t\t\t\t\t\t\t<\/div><div class=\"col-lg-6 col-md-6 col-sm-6 col-sm-12\">\r\n                               <!-- areas-of-practise-item -->\r\n                               <div class=\"areas-of-practise-item matchHeight\">\r\n                               <div class=\"holder\">\r\n                               <div class=\"row\">\r\n                               <div class=\"col-lg-6 col-md-6 col-sm-6 col-xs-12\">\r\n                               <div class=\"pic\"><img loading=\"lazy\" decoding=\"async\" width=\"1920\" height=\"1281\" src=\"https:\/\/iustumsas.com\/wp-content\/uploads\/2020\/09\/scott-graham-OQMZwNd3ThU-unsplash.jpg\" class=\"attachment-attorneypress-advisors-areas size-attorneypress-advisors-areas wp-post-image\" alt=\"\" srcset=\"https:\/\/iustumsas.com\/wp-content\/uploads\/2020\/09\/scott-graham-OQMZwNd3ThU-unsplash.jpg 1920w, https:\/\/iustumsas.com\/wp-content\/uploads\/2020\/09\/scott-graham-OQMZwNd3ThU-unsplash-300x200.jpg 300w, https:\/\/iustumsas.com\/wp-content\/uploads\/2020\/09\/scott-graham-OQMZwNd3ThU-unsplash-1024x683.jpg 1024w, https:\/\/iustumsas.com\/wp-content\/uploads\/2020\/09\/scott-graham-OQMZwNd3ThU-unsplash-768x512.jpg 768w, https:\/\/iustumsas.com\/wp-content\/uploads\/2020\/09\/scott-graham-OQMZwNd3ThU-unsplash-1536x1025.jpg 1536w\" sizes=\"(max-width: 1920px) 100vw, 1920px\" data-id=\"11215\" \/><\/div>\r\n                                <\/div>\r\n                                <div class=\"col-lg-6 col-md-6 col-sm-6 col-xs-12\">\r\n                                <div class=\"data\"><h4><a href=\"https:\/\/iustumsas.com\/index.php\/practice-areas\/derecho-constitucional\/\">Derecho Constitucional<\/a><\/h4><p>En esta \u00e1rea del Derecho asesoramos y realizamos, todo tipo de acciones constitucionales, buscando <\/p><a class=\"btn\"  href=\"https:\/\/iustumsas.com\/index.php\/practice-areas\/derecho-constitucional\/\">Read More<i class=\"fa fa-angle-right\"><\/i><\/a><\/div>\r\n\t\t\t\t\t\t\t\t\t<\/div>\r\n\t\t\t\t\t\t\t\t\t<\/div>\r\n\t\t\t\t\t\t\t\t\t<\/div>\r\n\t\t\t\t\t\t\t\t\t<\/div>\r\n\t\t\t\t\t\t\t\t\t<!-- areas-of-practise-item -->\r\n\t\t\t\t\t\t\t\t\t<\/div><div class=\"col-lg-6 col-md-6 col-sm-6 col-sm-12\">\r\n                               <!-- areas-of-practise-item -->\r\n                               <div class=\"areas-of-practise-item matchHeight\">\r\n                               <div class=\"holder\">\r\n                               <div class=\"row\">\r\n                               <div class=\"col-lg-6 col-md-6 col-sm-6 col-xs-12\">\r\n                               <div class=\"pic\"><img loading=\"lazy\" decoding=\"async\" width=\"1920\" height=\"1280\" src=\"https:\/\/iustumsas.com\/wp-content\/uploads\/2020\/09\/patrick-tomasso-Oaqk7qqNh_c-unsplash.jpg\" class=\"attachment-attorneypress-advisors-areas size-attorneypress-advisors-areas wp-post-image\" alt=\"\" srcset=\"https:\/\/iustumsas.com\/wp-content\/uploads\/2020\/09\/patrick-tomasso-Oaqk7qqNh_c-unsplash.jpg 1920w, https:\/\/iustumsas.com\/wp-content\/uploads\/2020\/09\/patrick-tomasso-Oaqk7qqNh_c-unsplash-300x200.jpg 300w, https:\/\/iustumsas.com\/wp-content\/uploads\/2020\/09\/patrick-tomasso-Oaqk7qqNh_c-unsplash-1024x683.jpg 1024w, https:\/\/iustumsas.com\/wp-content\/uploads\/2020\/09\/patrick-tomasso-Oaqk7qqNh_c-unsplash-768x512.jpg 768w, https:\/\/iustumsas.com\/wp-content\/uploads\/2020\/09\/patrick-tomasso-Oaqk7qqNh_c-unsplash-1536x1024.jpg 1536w\" sizes=\"(max-width: 1920px) 100vw, 1920px\" data-id=\"11234\" \/><\/div>\r\n                                <\/div>\r\n                                <div class=\"col-lg-6 col-md-6 col-sm-6 col-xs-12\">\r\n                                <div class=\"data\"><h4><a href=\"https:\/\/iustumsas.com\/index.php\/practice-areas\/derecho-de-familia\/\">Derecho de Familia<\/a><\/h4><p>La familia es el n\u00facleo fundamental de la sociedad, hoy existen formas dis\u00edmiles de ella, y por ta<\/p><a class=\"btn\"  href=\"https:\/\/iustumsas.com\/index.php\/practice-areas\/derecho-de-familia\/\">Read More<i class=\"fa fa-angle-right\"><\/i><\/a><\/div>\r\n\t\t\t\t\t\t\t\t\t<\/div>\r\n\t\t\t\t\t\t\t\t\t<\/div>\r\n\t\t\t\t\t\t\t\t\t<\/div>\r\n\t\t\t\t\t\t\t\t\t<\/div>\r\n\t\t\t\t\t\t\t\t\t<!-- areas-of-practise-item -->\r\n\t\t\t\t\t\t\t\t\t<\/div><div class=\"col-lg-6 col-md-6 col-sm-6 col-sm-12\">\r\n                               <!-- areas-of-practise-item -->\r\n                               <div class=\"areas-of-practise-item matchHeight\">\r\n                               <div class=\"holder\">\r\n                               <div class=\"row\">\r\n                               <div class=\"col-lg-6 col-md-6 col-sm-6 col-xs-12\">\r\n                               <div class=\"pic\"><img loading=\"lazy\" decoding=\"async\" width=\"1920\" height=\"1280\" src=\"https:\/\/iustumsas.com\/wp-content\/uploads\/2020\/09\/thomas-kelley-hHL08lF7Ikc-unsplash.jpg\" class=\"attachment-attorneypress-advisors-areas size-attorneypress-advisors-areas wp-post-image\" alt=\"\" srcset=\"https:\/\/iustumsas.com\/wp-content\/uploads\/2020\/09\/thomas-kelley-hHL08lF7Ikc-unsplash.jpg 1920w, https:\/\/iustumsas.com\/wp-content\/uploads\/2020\/09\/thomas-kelley-hHL08lF7Ikc-unsplash-300x200.jpg 300w, https:\/\/iustumsas.com\/wp-content\/uploads\/2020\/09\/thomas-kelley-hHL08lF7Ikc-unsplash-1024x683.jpg 1024w, https:\/\/iustumsas.com\/wp-content\/uploads\/2020\/09\/thomas-kelley-hHL08lF7Ikc-unsplash-768x512.jpg 768w, https:\/\/iustumsas.com\/wp-content\/uploads\/2020\/09\/thomas-kelley-hHL08lF7Ikc-unsplash-1536x1024.jpg 1536w\" sizes=\"(max-width: 1920px) 100vw, 1920px\" data-id=\"11236\" \/><\/div>\r\n                                <\/div>\r\n                                <div class=\"col-lg-6 col-md-6 col-sm-6 col-xs-12\">\r\n                                <div class=\"data\"><h4><a href=\"https:\/\/iustumsas.com\/index.php\/practice-areas\/derecho-notarial-y-registral\/\">Derecho Notarial y Registral<\/a><\/h4><p>Brindamos soluciones a sus necesidades en torno a los c\u00edrculos Notariales y Registrales, creando do<\/p><a class=\"btn\"  href=\"https:\/\/iustumsas.com\/index.php\/practice-areas\/derecho-notarial-y-registral\/\">Read More<i class=\"fa fa-angle-right\"><\/i><\/a><\/div>\r\n\t\t\t\t\t\t\t\t\t<\/div>\r\n\t\t\t\t\t\t\t\t\t<\/div>\r\n\t\t\t\t\t\t\t\t\t<\/div>\r\n\t\t\t\t\t\t\t\t\t<\/div>\r\n\t\t\t\t\t\t\t\t\t<!-- areas-of-practise-item -->\r\n\t\t\t\t\t\t\t\t\t<\/div><div class=\"col-lg-6 col-md-6 col-sm-6 col-sm-12\">\r\n                               <!-- areas-of-practise-item -->\r\n                               <div class=\"areas-of-practise-item matchHeight\">\r\n                               <div class=\"holder\">\r\n                               <div class=\"row\">\r\n                               <div class=\"col-lg-6 col-md-6 col-sm-6 col-xs-12\">\r\n                               <div class=\"pic\"><img loading=\"lazy\" decoding=\"async\" width=\"1920\" height=\"1275\" src=\"https:\/\/iustumsas.com\/wp-content\/uploads\/2020\/09\/floriane-vita-FyD3OWBuXnY-unsplash.jpg\" class=\"attachment-attorneypress-advisors-areas size-attorneypress-advisors-areas wp-post-image\" alt=\"\" srcset=\"https:\/\/iustumsas.com\/wp-content\/uploads\/2020\/09\/floriane-vita-FyD3OWBuXnY-unsplash.jpg 1920w, https:\/\/iustumsas.com\/wp-content\/uploads\/2020\/09\/floriane-vita-FyD3OWBuXnY-unsplash-300x199.jpg 300w, https:\/\/iustumsas.com\/wp-content\/uploads\/2020\/09\/floriane-vita-FyD3OWBuXnY-unsplash-1024x680.jpg 1024w, https:\/\/iustumsas.com\/wp-content\/uploads\/2020\/09\/floriane-vita-FyD3OWBuXnY-unsplash-768x510.jpg 768w, https:\/\/iustumsas.com\/wp-content\/uploads\/2020\/09\/floriane-vita-FyD3OWBuXnY-unsplash-1536x1020.jpg 1536w\" sizes=\"(max-width: 1920px) 100vw, 1920px\" data-id=\"11238\" \/><\/div>\r\n                                <\/div>\r\n                                <div class=\"col-lg-6 col-md-6 col-sm-6 col-xs-12\">\r\n                                <div class=\"data\"><h4><a href=\"https:\/\/iustumsas.com\/index.php\/practice-areas\/derecho-publico\/\">Derecho P\u00fablico<\/a><\/h4><p>Estamos en capacidad de asumir los retos en materia Administrativa, a que se ven abocados nuestros c<\/p><a class=\"btn\"  href=\"https:\/\/iustumsas.com\/index.php\/practice-areas\/derecho-publico\/\">Read More<i class=\"fa fa-angle-right\"><\/i><\/a><\/div>\r\n\t\t\t\t\t\t\t\t\t<\/div>\r\n\t\t\t\t\t\t\t\t\t<\/div>\r\n\t\t\t\t\t\t\t\t\t<\/div>\r\n\t\t\t\t\t\t\t\t\t<\/div>\r\n\t\t\t\t\t\t\t\t\t<!-- areas-of-practise-item -->\r\n\t\t\t\t\t\t\t\t\t<\/div><div class=\"col-lg-6 col-md-6 col-sm-6 col-sm-12\">\r\n                               <!-- areas-of-practise-item -->\r\n                               <div class=\"areas-of-practise-item matchHeight\">\r\n                               <div class=\"holder\">\r\n                               <div class=\"row\">\r\n                               <div class=\"col-lg-6 col-md-6 col-sm-6 col-xs-12\">\r\n                               <div class=\"pic\"><img loading=\"lazy\" decoding=\"async\" width=\"1920\" height=\"1280\" src=\"https:\/\/iustumsas.com\/wp-content\/uploads\/2020\/09\/drew-beamer-Se7vVKzYxTI-unsplash.jpg\" class=\"attachment-attorneypress-advisors-areas size-attorneypress-advisors-areas wp-post-image\" alt=\"\" srcset=\"https:\/\/iustumsas.com\/wp-content\/uploads\/2020\/09\/drew-beamer-Se7vVKzYxTI-unsplash.jpg 1920w, https:\/\/iustumsas.com\/wp-content\/uploads\/2020\/09\/drew-beamer-Se7vVKzYxTI-unsplash-300x200.jpg 300w, https:\/\/iustumsas.com\/wp-content\/uploads\/2020\/09\/drew-beamer-Se7vVKzYxTI-unsplash-1024x683.jpg 1024w, https:\/\/iustumsas.com\/wp-content\/uploads\/2020\/09\/drew-beamer-Se7vVKzYxTI-unsplash-768x512.jpg 768w, https:\/\/iustumsas.com\/wp-content\/uploads\/2020\/09\/drew-beamer-Se7vVKzYxTI-unsplash-1536x1024.jpg 1536w\" sizes=\"(max-width: 1920px) 100vw, 1920px\" data-id=\"11240\" \/><\/div>\r\n                                <\/div>\r\n                                <div class=\"col-lg-6 col-md-6 col-sm-6 col-xs-12\">\r\n                                <div class=\"data\"><h4><a href=\"https:\/\/iustumsas.com\/index.php\/practice-areas\/procedimientos-de-legalizacion-y-comercializacion-bienes-raices\/\">Legalizaci\u00f3n y Comercializaci\u00f3n Bienes Ra\u00edces<\/a><\/h4><p>Sabemos que una de las principales problem\u00e1ticas que se presentan en la actualidad relacionada con <\/p><a class=\"btn\"  href=\"https:\/\/iustumsas.com\/index.php\/practice-areas\/procedimientos-de-legalizacion-y-comercializacion-bienes-raices\/\">Read More<i class=\"fa fa-angle-right\"><\/i><\/a><\/div>\r\n\t\t\t\t\t\t\t\t\t<\/div>\r\n\t\t\t\t\t\t\t\t\t<\/div>\r\n\t\t\t\t\t\t\t\t\t<\/div>\r\n\t\t\t\t\t\t\t\t\t<\/div>\r\n\t\t\t\t\t\t\t\t\t<!-- areas-of-practise-item -->\r\n\t\t\t\t\t\t\t\t\t<\/div><div class=\"col-lg-6 col-md-6 col-sm-6 col-sm-12\">\r\n                               <!-- areas-of-practise-item -->\r\n                               <div class=\"areas-of-practise-item matchHeight\">\r\n                               <div class=\"holder\">\r\n                               <div class=\"row\">\r\n                               <div class=\"col-lg-6 col-md-6 col-sm-6 col-xs-12\">\r\n                               <div class=\"pic\"><img loading=\"lazy\" decoding=\"async\" width=\"1920\" height=\"1280\" src=\"https:\/\/iustumsas.com\/wp-content\/uploads\/2020\/09\/sebastian-pichler-bAQH53VquTc-unsplash.jpg\" class=\"attachment-attorneypress-advisors-areas size-attorneypress-advisors-areas wp-post-image\" alt=\"\" srcset=\"https:\/\/iustumsas.com\/wp-content\/uploads\/2020\/09\/sebastian-pichler-bAQH53VquTc-unsplash.jpg 1920w, https:\/\/iustumsas.com\/wp-content\/uploads\/2020\/09\/sebastian-pichler-bAQH53VquTc-unsplash-300x200.jpg 300w, https:\/\/iustumsas.com\/wp-content\/uploads\/2020\/09\/sebastian-pichler-bAQH53VquTc-unsplash-1024x683.jpg 1024w, https:\/\/iustumsas.com\/wp-content\/uploads\/2020\/09\/sebastian-pichler-bAQH53VquTc-unsplash-768x512.jpg 768w, https:\/\/iustumsas.com\/wp-content\/uploads\/2020\/09\/sebastian-pichler-bAQH53VquTc-unsplash-1536x1024.jpg 1536w\" sizes=\"(max-width: 1920px) 100vw, 1920px\" data-id=\"11242\" \/><\/div>\r\n                                <\/div>\r\n                                <div class=\"col-lg-6 col-md-6 col-sm-6 col-xs-12\">\r\n                                <div class=\"data\"><h4><a href=\"https:\/\/iustumsas.com\/index.php\/practice-areas\/procedimientos-de-registro-de-derechos-de-autor\/\">Registro de Derechos de Autor<\/a><\/h4><p>Est\u00e1 dirigido a dar publicidad, garant\u00eda de seguridad jur\u00eddica y autenticidad a los derechos de l<\/p><a class=\"btn\"  href=\"https:\/\/iustumsas.com\/index.php\/practice-areas\/procedimientos-de-registro-de-derechos-de-autor\/\">Read More<i class=\"fa fa-angle-right\"><\/i><\/a><\/div>\r\n\t\t\t\t\t\t\t\t\t<\/div>\r\n\t\t\t\t\t\t\t\t\t<\/div>\r\n\t\t\t\t\t\t\t\t\t<\/div>\r\n\t\t\t\t\t\t\t\t\t<\/div>\r\n\t\t\t\t\t\t\t\t\t<!-- areas-of-practise-item -->\r\n\t\t\t\t\t\t\t\t\t<\/div><\/div>\r\n                        <!-- areas-of-practise -->[\/vc_column_inner][\/vc_row_inner][\/vc_column][\/vc_row]<\/p>\n","protected":false},"excerpt":{"rendered":"<p>[vc_row full_width=\u00bbstretch_row\u00bb css=\u00bb.vc_custom_1513078972248{margin-top: 0px !important;margin-bottom: 0px !important;padding-top: 60px !important;padding-bottom: 40px !important;background-color: #ffffff !important;}\u00bb][vc_column css=\u00bb.vc_custom_1496743058962{padding-top: 0px !important;padding-bottom: 0px !important;}\u00bb][vc_row_inner css=\u00bb.vc_custom_1510747977487{margin-top: 0px !important;margin-bottom: 0px !important;}\u00bb][vc_column_inner width=\u00bb1\/4&#8243;][vc_widget_sidebar sidebar_id=\u00bbpractice-areas-sidebar\u00bb][\/vc_column_inner][vc_column_inner width=\u00bb3\/4&#8243;][\/vc_column_inner][\/vc_row_inner][\/vc_column][\/vc_row]<\/p>\n","protected":false},"author":1,"featured_media":1558,"parent":0,"menu_order":0,"comment_status":"closed","ping_status":"closed","template":"","meta":{"om_disable_all_campaigns":false,"_monsterinsights_skip_tracking":false,"_monsterinsights_sitenote_active":false,"_monsterinsights_sitenote_note":"","_monsterinsights_sitenote_category":0,"footnotes":""},"aioseo_notices":[],"_links":{"self":[{"href":"https:\/\/iustumsas.com\/index.php\/wp-json\/wp\/v2\/pages\/64"}],"collection":[{"href":"https:\/\/iustumsas.com\/index.php\/wp-json\/wp\/v2\/pages"}],"about":[{"href":"https:\/\/iustumsas.com\/index.php\/wp-json\/wp\/v2\/types\/page"}],"author":[{"embeddable":true,"href":"https:\/\/iustumsas.com\/index.php\/wp-json\/wp\/v2\/users\/1"}],"replies":[{"embeddable":true,"href":"https:\/\/iustumsas.com\/index.php\/wp-json\/wp\/v2\/comments?post=64"}],"version-history":[{"count":1,"href":"https:\/\/iustumsas.com\/index.php\/wp-json\/wp\/v2\/pages\/64\/revisions"}],"predecessor-version":[{"id":11254,"href":"https:\/\/iustumsas.com\/index.php\/wp-json\/wp\/v2\/pages\/64\/revisions\/11254"}],"wp:featuredmedia":[{"embeddable":true,"href":"https:\/\/iustumsas.com\/index.php\/wp-json\/wp\/v2\/media\/1558"}],"wp:attachment":[{"href":"https:\/\/iustumsas.com\/index.php\/wp-json\/wp\/v2\/media?parent=64"}],"curies":[{"name":"wp","href":"https:\/\/api.w.org\/{rel}","templated":true}]}}